. Give i(b).
0
Let d(p) = 2*p**2 + p + 1. Let z be d(0). Let c(w) = 5*w**2. What is c(z)?
5
Let m be (0 + 2)/((-4)/22). Let p = -6 - m. Suppose -4 + p = -d. Let i(j) = j**2 + j. Determine i(d).
0
Let s(w) = -w - 4. Let h be s(-10). Let d(b) = -b - 5. Give d(h).
-11
Let u = 17 + -19. Let h(z) = z**2 + z - 1. Let j(a) = a**3 - 5*a + 1. Let d(p) = 3*h(p) + j(p). Determine d(u).
6
Let g(m) be the first derivative of -14*m**3/3 - 5*m**2/2 - 32*m + 6. Let f(t) = -5*t**2 - 2*t - 11. Let a(b) = -17*f(b) + 6*g(b). Calculate a(-6).
7
Let i(s) = -s**3 + 2*s**3 - s**2 + 3 + 3*s - s + 2*s**2. Let w be i(-2). Let a(k) = -k**3 - 4*k**2 + 4*k + 4. Calculate a(w).
9
Let m(z) = 4*z + 1. Let w = -4 + 4. Suppose w = -o - o + 4. Let b = 3 - o. What is m(b)?
5
Let t(y) = 6*y + 1. Let c(o) = -5*o - 1. Suppose 0*h - 3 = -h. Suppose -5*w - 9 = -n - 2*n, -15 = 3*w + h*n. Let x(d) = w*t(d) - 4*c(d). Give x(-1).
-1
Let v(b) be the second derivative of -b**7/840 - b**6/90 + b**5/20 + 7*b**4/24 - 4*b**3/3 + 8*b. Let m(q) be the second derivative of v(q). Give m(-5).
2
Let p be (2 - 7)*1/1. Let z be p/4 - 2/(-8). Let y(c) = -3 + c - 10 + 2*c**2 + 13. What is y(z)?
1
Let l(v) be the first derivative of v**2 + v + 8. Let q = -2 - -4. Let g = -5 + q. Give l(g).
-5
Let m(t) = -3*t**3 + 15*t**2 + 14*t - 4. Let q(h) = -h**3 + 5*h**2 + 5*h - 1. Let p(z) = 3*m(z) - 8*q(z). Let j = 155 - 150. Give p(j).
6
Let r(z) = 11*z**2 + 4. Let u(y) = 2 + 10*y**2 + 2 - 1. Let o be -4 + 3 + (-1 - -6). Let w(v) = o*r(v) - 5*u(v). What is w(-1)?
-5
Let x(h) be the third derivative of -h**6/120 - h**5/20 + h**3/3 + 2*h**2 + 4*h. What is x(-3)?
2
Let w(z) = -z**3 + z + 2. Let o(q) = q + 5. Let m be o(-5). What is w(m)?
2
Let v(x) = x - 3. Let f be v(5). Let a(s) = 2*s - 3*s**3 - 3*s - 7 + 4*s**3 + 1 + s**f. Suppose j - 4 = 5*j - z, 0 = -4*j + 3*z - 12. Give a(j).
-6
Let m(z) = 2*z - 4. Let w(g) = 5*g - 9. Let o = -3 - -16. Let b = o + -6. Let y(p) = b*m(p) - 3*w(p). Determine y(-6).
5
Let i(o) = -7*o + 10. Let l be i(4). Let a = 18 + l. Let z(x) = x**3 - x - 7. Calculate z(a).
-7
Let n(a) = a - 4. Let d be n(8). Let s be (1*-4)/(-2) - d. Let o be 5/s + (-3)/(-6). Let z(p) = -p**3 - 2*p**2 - p. Calculate z(o).
2
Let w(z) = -12*z. Suppose -3*t + 5*n = 28, 0*n = -t + 5*n - 26. Determine w(t).
12
Suppose 41 = -5*k - o, -3*k = 2*k + 2*o + 37. Let n = -8 - k. Let x(r) be the third derivative of -2*r**5/15 - r**4/24 + r**3/6 - r**2. What is x(n)?
-8
Let l(m) = m**2 + 5*m. Let k be l(-6). Let q(j) = -j**3 + 7*j**2 - 6*j - 1. Let s(n) = 1. Let o(f) = q(f) + 3*s(f). Determine o(k).
2
Let k(h) be the third derivative of -h**4/24 + 2*h**3 + 11*h**2. Determine k(8).
4
Let p be -3 + 6*9/6. Let a be -1 + 2 - (-1 - p). Suppose 0*j - 2*j - a = 0, -16 = b + 4*j. Let n(c) = -c**3 - c**2 + 6. What is n(b)?
6
Let y(l) = -3*l**2 + 3 + 9 + 2*l**2 - 3*l - 5. Give y(-5).
-3
Let p(h) = 5*h**2 - 3. Let r(i) be the third derivative of 0*i - 1/2*i**3 + 1/15*i**5 + 0 + 2*i**2 - 1/24*i**4. Let j(b) = -3*p(b) + 4*r(b). Calculate j(3).
-6
Let a(s) = -s + 1. Let p(i) = -5*i - 2. Let k(b) = -6*a(b) + p(b). Calculate k(0).
-8
Suppose 0 = -2*s + v - 4, -4*s + 4*v = -s + 1. Let k(n) = n**3 + 3*n**2 - 2*n + 4. Calculate k(s).
10
Let j(t) be the second derivative of t**5/20 + t**4/3 + t**2 + 5*t. What is j(-2)?
10
Let j = 0 + 5. Suppose 0 = -2*a - 4 - 2, j*a = -5*q. Let n(v) = -2*v - 3. Calculate n(q).
-9
Let y(r) = r**3 - 5*r**2 + r + 5. Suppose 3*m + 7 = -2. Let s be ((-12)/9)/(m/9). Give y(s).
-7
Let q(l) = -2*l**2 + 3*l + 4. Let u = 150 - 147. What is q(u)?
-5
Let z(i) = i**3 - 5*i**2 - 6*i + 8. Suppose -3*j + 11 + 7 = 0. Calculate z(j).
8
Let l(i) = i + 2. Let k be l(3). Let h(c) = -4*c**3 + 3*c**2 - 2*c. Let v(f) = 3*f**3 - 4*f**2 + 3*f - 1. Let u(y) = -2*h(y) - 3*v(y). What is u(k)?
3
Let d(g) = 3*g**2 - 2*g + 7 - 6 - 3*g**2 - 5*g**3 + g**2. Determine d(1).
-5
Suppose 2 = 5*p - 2*h, h = -3*p + 9 + 1. Let f(s) = s + 1. What is f(p)?
3
Let m(p) be the second derivative of p**3/6 + 5*p**2 + 2*p. Let a be m(-6). Let r(w) = -2*w + a + 3*w + 0*w. What is r(-2)?
2
Suppose -2*y + w + 50 = 5*w, -32 = -y + 5*w. Suppose -v = -4*a - y, 2*v - 36 = 3*a + 2*a. Let c(s) be the third derivative of s**4/24 - s**2. Give c(a).
-6
Suppose 5*n + 2*s = 4*n - 3, -3*s + 3 = 4*n. Let z(t) = -6 - 5*t + 0 - 2*t**2 + 9 + t**n. Give z(3).
-3
Let s(x) = x + x**2 - x. Determine s(1).
1
Let z(b) = -4*b**2 + 11 - 10 + 2*b + 2*b**2 + b**2. What is z(-2)?
-7
Let l(k) = 2*k + 1. Let c = -10 + 8. Calculate l(c).
-3
Suppose -h - 5*o = -6, -5*o + 8 = -h - 3*o. Let p(l) = l**2 + 11*l - 11. Let a be p(-12). Let u(q) = -4*q - q + 0*q**2 - q**2 + q - a. What is u(h)?
-1
Let n(z) = -3*z + 3. Let y = 119 - 116. Determine n(y).
-6
Let y(a) = -a**3 + 3*a**2 + 3*a - 2. Let s be y(2). Let l = 4 - s. Let c(n) = 8*n - 26. Let i(d) = -3*d + 9. Let p(m) = l*c(m) - 11*i(m). What is p(-5)?
0
Let q be (-1)/((-4)/(-24) - 0). Let c(l) = -l**2 - 6*l - 3. What is c(q)?
-3
Let a be 5 + 0 + 1 - 0. Let g(w) be the first derivative of -w**2/2 + 5*w - 2. Calculate g(a).
-1
Suppose -2*a = 3*h + 23, -6*h - 4*a - 18 = -4*h. Let j(g) = -2*g - 7. Calculate j(h).
7
Let m(b) = 3*b**3 - 13*b**2 + 8*b - 1. Let w(u) = 5*u**3 - 20*u**2 + 12*u - 1. Let z(p) = -8*m(p) + 5*w(p). Give z(-5).
-2
Let l(f) = f**2 - 2*f - 1. Let n = 11 + -9. What is l(n)?
-1
Let p(s) = 277*s - 140*s - 136*s - 10*s**2. Determine p(1).
-9
Let g(x) = -3*x - x**3 + 5 + x + 6*x**2 - x**2. Let n be ((-2)/4)/((-4)/56). Let h be (n - 4)*10/6. Give g(h).
-5
Let k(o) = o. Let q(c) = c. Let i(j) = -4*k(j) + 3*q(j). What is i(4)?
-4
Let n(j) = j**3 - 5*j**2 + 2*j + 1. Let v(r) = -r**2 - 7*r + 4. Suppose -4*g - 3*m = 37, -3*m + 6 = -3*g + 2*m. Let b be v(g). What is n(b)?
-7
Let j = 2 + 1. Let g(c) be the first derivative of 2*c**3/3 - 6*c**2 - 4*c - 2. Let t(i) = -i. Let n(y) = -g(y) + 10*t(y). Determine n(j).
-8
Let n(j) = j**2 + 6*j - 10. Suppose 0 = v - h + 5 + 6, v - 13 = -5*h. Let c be n(v). Let m(g) = -g + 4. Give m(c).
7
Let y(v) = -v**3 - 5*v**2 - v - 3. Let u be 2*3 - (-44)/(-4). What is y(u)?
2
Let d(z) = -5*z**3 - 5*z**2 + 8*z - 5. Let s(a) = -9*a**3 - 10*a**2 + 15*a - 10. Let q(r) = 7*d(r) - 4*s(r). Give q(-6).
-7
Let u(b) = b - 9. Let k be u(14). Let a(n) = -k - 5*n**2 + 4 - 2*n**3 + 6*n + 3*n**3. Suppose -5*g - 9 = 4*d, -2*d + 5*g + 24 = -9. Give a(d).
7
Let b(o) = -3 - o**2 + 3*o + 4*o - o. Let c(q) = 3*q - 1. Let y(m) = 6*m - 3. Let w(d) = -7*c(d) + 3*y(d). Let s be w(-2). Calculate b(s).
5
Let j(p) = -2*p**3 + 10*p**2 - 11*p - 6. Let u(w) = -w**3 + 5*w**2 - w - 4*w - 5 + 2. Let q(d) = 2*j(d) - 5*u(d). What is q(4)?
-1
Let s(v) = v**3 - 3*v**2 + v + 4. Suppose u - 1 = -3. Let a = u + 5. Give s(a).
7
Let l(t) be the third derivative of t**6/120 + t**4/24 - t**3/6 + 8*t**2. Let k(i) = -i**3 - 4*i**2 - 5*i + 1. Let h(f) = k(f) + 2*l(f). Determine h(5).
9
Let z(f) = 3*f. Suppose -o - 5 = 3*i, -13 = 5*i - 0*o - 3*o. What is z(i)?
-6
Suppose 2*t + 10 = -2*z, -2*t + 0*t = -3*z - 15. Let l(c) = -c**2 - 4*c - 2. Give l(z).
-7
Let b(a) be the second derivative of a**8/2240 + a**7/2520 - a**6/360 + a**5/120 + a**4/3 + a. Let m(u) be the third derivative of b(u). Determine m(1).
3
Let v(u) = u**3 - 6*u**2 + 6*u + 1. Suppose 3*x - 3*c = 21, 2*x = -2*c + 5*c + 16. What is v(x)?
6
Suppose 3*y - 13 = -5*k, 2*k - 5 = 3*y - 4. Let m(h) = 6 - h**2 + 2*h + k*h**2 + 4*h. What is m(-5)?
1
Let z(t) be the third derivative of t**6/120 - t**5/20 - t**4/6 - 5*t**3/6 + t**2. Let l = 416 + -412. Determine z(l).
-5
Let y(l) = -l**3 + 4*l**2 - 4*l + 3. Let n(h) = -h + 1. Let b(z) = -2*z + 16. Let c(s) = b(s) - 3*n(s). Let t be c(-9). Give y(t).
-13
Suppose 2*y - 13 = -3*m, m + 5*y + 3 = -10. Let p = 12 - m. Suppose 4*h - p*g - 6 = 0, h + 4*g = 2*h - 7. Let b(r) = 8*r**3 + r**2. Determine b(h).
-7
Suppose 2 = -5*t + 12. Let b(v) = 0 - 1 + v + 1 + t. Determine b(5).
7
Let z(w) = w**2 + 8*w. Suppose -q = -5*m + 13, 2*m - m = 3*q + 25. What is z(q)?
0
Suppose 0*i = i - 1, 4*u + 5*i + 27 = 0. Let f = -4 - u. Let p(d) = -d**3 + 2*d**2 + 6*d - 1. Calculate p(f).
-9
Let g(u) = -u**2 + u - 4. Suppose 5*s = -5*v + 25, 2*s = 3*v - 0*v - 15. Suppose 4*k - 12 = s, 0 = 2*w + k - 11. Suppose 0 = 2*i - w*i. Calculate g(i).
-4
Let l(o) = o**2 + 7*o - 6. Let r(a) = -a. 